 is the value of 26 + -3 - ((-25 - (-20 - 6)) + 0 + 4)?
18
What is 235 + -209 + (8 - 7 - 21)?
6
Calculate -56 + 0 + 36 + (6 - 19) + -21.
-54
Evaluate -52 - ((-29 + 57 - 87) + 22).
-15
What is the value of (47 - (43 - 17)) + -12 - 57?
-48
What is the value of -1 + -3 + 2266 + -2239?
23
Calculate (121 + -119 + (-51 - 3) - -15) + 12.
-25
What is (-60 + 72 - (0 - -23) - -8) + -51 + 1?
-53
Calculate 16 + 3 + (75 - (153 - -1)).
-60
What is the value of 5 - ((-22 - (-14 + -5)) + (1 - -7)) - -24?
24
Calculate (-2 - -1) + -17 + -24 + 18 + -23 + 26.
-21
Calculate (97 + 1 - -3) + (1 - ((-4 - -21) + -4)).
89
Calculate -31 + -1 + -39 + 34 - (20 - (-1 + 9)).
-49
What is the value of 64 + (-1 - 0) - (15 - -3 - (124 + -111))?
58
What is 14 + (-71 + -11 - (8 + -7 + -1)) + 10?
-58
Calculate 12 - (19 + (-1 - (-1 + -9 + 20)) + 83).
-79
Evaluate (-1 - -16) + (77 - 86) - (65 + 0).
-59
Evaluate -7 + (-7 + (18 - 18) - -31 - 3).
14
What is the value of 38 + ((-74 - -34) + -134 - -39)?
-97
Evaluate 5 + (13 - -33) + (-8 + 11 - -12) - -8.
74
Evaluate -11 + 140 + -93 - (1 + 5).
30
Evaluate -7 - (-1 - 4) - ((32 - 43) + (-38 - 3)).
50
Calculate 24 + 0 - (-4368 - -4438).
-46
What is -103 + -8 - (-48 - -67 - (32 + 0))?
-98
(44 + -55 + (25 - -1) - 4) + -11
0
Evaluate (-5 - 11) + 2 + (-7 - -5) + 3 + 8.
-5
What is 40 - (2 + -60 + 5 - -27)?
66
What is the value of -8 - -9 - (20 + -13) - -58 - 7?
45
Calculate -53 + 180 + 120 + -120.
127
Evaluate 3 + (1 - (23 - 41 - -1)).
21
Calculate 20 + (-112 - (-7 + -4 + -18)).
-63
(43 - 16) + -34 - (-73 - (11 + -14))
63
What is the value of (41 - -5) + 390 + -381?
55
What is -15 + 5 - ((45 - 16 - 12) + 17)?
-44
What is (-1 - 1) + (4 - 3) - (6216 + -6200)?
-17
What is the value of -14 - -41 - (85 - 28)?
-30
Evaluate (-4 - -77) + 2 + 9 - (9 + -14 + 17).
72
What is 1 + 2 + (-2 - 30) - 6 - (342 + -334)?
-43
What is the value of 90 - 63 - 8 - (1 - 9)?
27
What is the value of (646 + -600 - (27 - 2)) + 32?
53
What is the value of (-3 - -13 - -21 - 7) + 11 + -6?
29
What is the value of 17 + -69 - -42 - -9?
-1
Calculate (3 - 63) + (17 + (-17 - -5) + 9 - 10).
-56
Evaluate (18 + -8 - -15) + -22 + -33 + 15.
-15
What is the value of 4 + (3 - 6) + 65 + -59?
7
Evaluate 14 + (-14 - (-42 - -35)).
7
What is -35 + (0 - (4 - 12)) + 15 + -77?
-89
What is the value of 43 + -97 - (2 + 1 + 4 + -10)?
-51
Evaluate 8 + (-7 - -3) - (89 + -74).
-11
-16 + (10 - (10 + -44 + 18))
10
Evaluate -118 - (-126 + 19 + 78).
-89
What is -15484 - -15463 - (1 + -33)?
11
What is 408 + -470 + -9 + -44 + 9?
-106
What is the value of 683 + -678 - (1 + -11) - 6?
9
(1651 - 1787) + -1 + 25
-112
Evaluate -13 + -35 + 285 + -256.
-19
Evaluate 0 + -2 + 5 + -29 + 144 + -53.
65
Calculate (-63 - -164 - -5) + 0 + 16 + 0.
122
What is the value of (-113 - -15) + 115 + (-1 - 10 - 0)?
6
What is the value of 55 - ((-12 - -1) + (1036 - 1008))?
38
What is -21 + (2 - -11) + (47 - (-2 - -6 - 9))?
44
Calculate 20 + -8 + 4 - (-7 - 8 - -39).
-8
What is the value of -40 + (19 - -4 - 3)?
-20
Evaluate (-7 - -6) + (-8 - -2) - (-97 - -74) - -11.
27
Calculate (8 - (-15 - 25)) + -4.
44
Calculate -6 + 2 - (26 + -22 + 18 + -79).
53
Calculate (-47 - -37) + (10 - 13) + 4 + 13.
4
What is the value of -30 + (14 - 26) + (225 - 194)?
-11
2974 - 3015 - (0 - 53)
12
Calculate (27 - -42) + -27 + (6 - -4).
52
What is (-11 - (4 - 13 - -8)) + (-39 - -13)?
-36
-1 + 42 + -13 - 63
-35
Evaluate -24 + (-62 - -24) - -128.
66
Evaluate -1652 - -1782 - (64 + 2).
64
Calculate (-207 - -158) + 0 + 62.
13
Evaluate -142 - -162 - (78 + -6 + 3 + -4).
-51
What is (-35 - 2) + (211 + -103 - 97)?
-26
Evaluate (-583 - -552) + 27 + (25 - -1) + 0.
22
What is 48 - (-30 + -38 + (20 - -14))?
82
Calculate 23 - 0 - (15 - (-54 + 56)).
10
What is the value of -249 + 52 + 51 + 146?
0
Calculate 19 + (1 - (-8 + 18)) - -4.
14
3 + (25 - 6) + -9 + -17
-4
Calculate -3 - (-66 + 78 + -39) - 84.
-60
What is -7 - ((-13 - -22) + -7 + -7 + -1)?
-1
Calculate 35 - (15 - 10) - (-1 - (8 + -21)).
18
What is the value of (-9 - -12) + (-2 - (-6 + 6)) - (-31 - -12)?
20
Evaluate -30 + -9 + 3 + -1 + 15 + -10 - 2.
-34
What is the value of 824 + -832 + (1 - 14) + (-1 - 2) + -9?
-33
21 + -29 + 35 + 23 + -8
42
Calculate -44 + -20 - 32 - ((-22 - -11) + -2).
-83
What is the value of (-57 - 7) + 59 + (9 - 1) + -48?
-45
Evaluate 75 + -83 - (16 + (14 - 10)).
-28
What is the value of (-68 - -92) + -30 - (1 + 25)?
-32
What is the value of -6 - (47 - (-1 - -4) - (-15 + 8))?
-57
-50 + (-16 - 3) + 20 + -9
-58
What is the value of 291 + -262 + (-17 - -4)?
16
What is the value of -4 + (-4 - (8 + -11)) - (31 - -1)?
-37
(-661 - -794) + (-89 - -2)
46
What is (42 - ((-27 - -12) + 12 - -14)) + -16 + -1?
14
-5 - ((-14 - 0) + 3 - -28 - 40)
18
63 + 2 + 1 + (17 + -23 - (2 - -2))
56
Evaluate -2651 + 2591 - (2 - -58).
-120
Evaluate 29 - 5 - (-11 - -25) - 2.
8
Calculate -32 + (-54 - -31 - -24).
-31
33 + (-11 - 34 - (-108 - -27))
69
What is the value of (-16 - (-6 - 1)) + (-5 - -4 - -70)?
60
(-2383 - -2355) + 10 + 1
-17
1 + (14 - 65 - 16) + 12 + -8
-62
Calculate (-16 - (-4 - -7)) + -242 + 332 + -13.
58
What is (-16 - -2) + (-1 + -12 - (-42 + -18))?
33
-934 - -927 - (-3 + 0 + -27 + -1)
24
What is (2 - 10 - (-13 + (-9 - (6 - 23)))) + 1?
-2
What is the value of -143 + 157 + -35 + (0 - 31)?
-52
Calculate 65 + (-76 - -71) + -29.
31
-38 + 14 + -12 + 1 + 17 + -13
-31
Evaluate 17 + (-4 - 10) - (-9 - (3 + -85 + 4)).
-66
Calculate (-66 - -2) + 927 + -901.
-38
Calculate -67 + (123 + -69 - 44) + 1 + -6.
-62
-53 + (-2 + -3 - -6) + (27 + 0 - 33)
-58
Evaluate 16142 + -15899 - (2 - -152).
89
Calculate -10 + (10 - -3) + (-108 - -90).
-15
What is -109 + 126 + (21 - -8)?
46
Calculate (14 - 2) + 431 + -423 - -18.
38
Evaluate 23 + -68 - (-29 + 35 + 2 + -13).
-40
What is the value of 54549 - 54577 - (-1 + 1 + -133)?
105
What is the value of 503 + -375 - ((-15 - -9) + 35)?
99
Calculate 581 - 623 - (0 + -85).
43
What is (-4 + -12 - (99 + -120)) + (-42 + 0 - 1)?
-38
What is 76 + (-119 - -34) + 134 + -1?
124
What is (4 - (9 + -17 + -8)) + (2 - 10)?
12
(29 - 16) + -2 - -14 - 109
-84
What is (-26 - -1 - (-1817 + 1816)) + -55?
-79
Calculate -62 + 50 - 26 - -37.
-1
What is the value of 4895 + -4890 + -1 + 38?
42
What is -29 - (27 + -141 + -3 + 20)?
68
What is the value of 1 + -52 - (-1134 - -1076)?
7
What is (6 - -9 - ((16 - 0) + -13)) + 33?
45
Calculate (182 + -86 - 98) + 87.
85
-4 + 365 + -372 + (25 - 1) - 105
-92
What is 1 + (13 - (-2 - -1)) - (47293 + -47331)?
53
What is 40 - ((17 - (-11 + -4)) + -32)?
40
What is 8 + -6 + -17 - -13?
-2
6 + 11 + 22 + -2 - (19 + -8)
26
Calculate 2 + 146 + ((-16 - -13) + 11 - 25).
131
What is the value of (-59 - -1) + (13187 - 13083)?
46
Calculate 42 + -52 - (28 + 0) - 8.
-46
Evaluate 3 - 15 - (4 - 3) - ((-1 - -18) + -47).
17
64 + -48 - (1 - (2 - (-8 - -15)))
10
What is the value of (-5 - (-44 - -1)) + 16 + -4 + -8?
42
What is the value of -1 + 19 + (0 - 4) + (-24 - 4)?
-14
Evaluate 94 - ((-34 - -12 - 12) + 48).
80
(62 - (229 + -162)) + 1 + 38
34
Evaluate -4 + -5 - (10 + -20 + -98).
99
((-15 - -2) + -57 - 2) + 15
-57
What is the value of (-82 - -84 - 18) + -10?
-26
56 + (-1 - (91 + -67))
31
-3 + -20 - (-8 + 14 + (-20 - -5) + -4)
-10
What is the value of -11 - (9 + (-15 - (-14 - (-7 - -3))))?
-15
What is 35 + -258 + 162 + -39?
-100
What is 56 + -35 + (-29 - -5) + 28?
25
Calculate -6 + -55 - (-5 - 8 - -15 - (-16 + 14)).
-65
What is the value of 7 + -9 - (118 - 33) - (-18 + 1)?
-70
What is the value of (45 - 62) + -52 + (0 - 4) + 2 + -1?
-72
What is 5 + (-5 - -2) + -11 + 14 + -9?
-4
What is the value of -15 + (-3 - -15) + (2 - (-76 + 8 - -2))?
65
What is -7 - -93 - 5 - (13 - (12 - 4 - 0))?
76
Evaluate (-96 - -5) + 60 - 19.
-50
Calculate 11 + (36 - (14 - -9)) - 75.
-51
Evaluate -37 + 18 - -25 - (7 + (-14 - 4 - -7)).
10
Evaluate 14 + (-12 - ((120 - 15) + 31)).
-134
What is the value of -19 + 13 + 13 + 4 + (3 - (-8 + 117))?
-95
Calculate 3 + -5 + -21 + -13 - (12 + -2).
-46
Evaluate -70 - 1 - (636 - 683).
-24
What is the value of (40 + -32 - 16) + (0 - -40) + 15?
47
What is (-16 - (3 + -5)) + 22 + 36 - -19?
63
Calculate -88 - (-18 + 22 + -13) - (-4 + -1).
-74
64 + 32 + (-13 - -13) - 24
72
-41 + -48 + 23 - -34
-32
What is 155 - (174 + -83 + 4)?
60
Calculate 74 + 0 - (37 + -7 - 5).
49
What is the value of -8 + 90